- 2747. Suppose 0 = -14*y + 12*y + j. What is the thousands digit of y?
1
Suppose -967 = 4*s + 3*x - 4815, 1926 = 2*s + 2*x. Let i = s - 525. What is the tens digit of 1/3 - i/(-21)?
2
Suppose -2*n = 152 - 2536. Suppose 6*u - 158 - n = 0. What is the hundreds digit of u?
2
Suppose 2*b + 4*x - 21066 = 0, -3*b = 5*x + 1584 - 33185. What is the thousands digit of b?
0
Let s(c) = 4*c - 2. Let t be s(1). Let b(p) = p + 4*p - t*p. What is the units digit of b(4)?
2
Let i = 24668 - 10199. What is the hundreds digit of i?
4
Suppose -m = 4*p - 22 - 371, -4*m = -4. Let t = p + -96. Suppose c + 84 = -q + 2*q, 4*q = t*c + 332. What is the units digit of q?
2
Suppose -15*d + 12*d + 4*p = -57191, -4*d + 5*p + 76253 = 0. What is the ten thousands digit of d?
1
Let b = -1109 - -1118. Suppose -11 + 4 = z. What is the units digit of -1 - b/z - (-26802)/126?
3
Suppose -3*m - 5*w - 51 + 1 = 0, 4*w + 4 = 0. What is the units digit of (-21185)/m - (-4)/(-12)?
2
Let u = 6056 + -698. What is the units digit of u?
8
Suppose -543*y + 13484080 = 113*y. What is the units digit of y?
5
Suppose -22168 = -18*u + 98090. What is the hundreds digit of u?
6
Let h = 112 - -333. Suppose 5*j - 1177 = -m + h, 2*j + 2*m - 644 = 0. What is the hundreds digit of j?
3
Let j(x) = x**2 - 2*x - 15. Let w be j(0). Let o be (69/9)/((-5)/w). Suppose 21*f - o*f = -88. What is the tens digit of f?
4
Suppose 188 = 2*g - g. Let s = g - 151. What is the units digit of s?
7
Let q = 2428 - -5649. What is the units digit of q?
7
Let p(j) = -5*j + 99. Let m be p(19). What is the units digit of ((-260)/(-39))/(m/558)?
0
Suppose 0 = -11*a + 49119 + 50365. What is the tens digit of a?
4
Suppose -2*s + 70 + 165 = 3*g, -5*g + 399 = -4*s. Let t = 820 - g. What is the units digit of t?
1
Suppose 5*c + 4*l - l = 17632, 5*l - 17630 = -5*c. Suppose 13*r + 849 = c. What is the tens digit of r?
0
Let c = 34026 - -15588. What is the units digit of c?
4
Suppose -150246 = 1139*o - 1148*o. What is the tens digit of o?
9
Let g be -1128*(-1)/((-12)/(-16)). Let s = g - 991. What is the tens digit of s?
1
Let a be -2 + 27 + 4 + -1. Let u = a + 28. What is the units digit of 2 + u - (0 + 3)?
5
Suppose 11*n - 28*n + 87290 = 12*n. What is the tens digit of n?
1
Let r(g) be the third derivative of -g**5/30 - 23*g**4/24 + 8*g**3/3 - 9*g**2. Let h be r(-12). Let f(u) = 20*u + 39. What is the hundreds digit of f(h)?
1
Suppose 3*p + 5*a - 991 = 0, p + 4*a = 381 - 60. Let o = 873 - p. Suppose o = 4*b + 48. What is the tens digit of b?
2
Let n = -25 - -25. Suppose n*j - 9 = 3*v + 2*j, 5*v + 3*j + 14 = 0. What is the units digit of 222*6/(-9)*v - -3?
1
Suppose -3*c - 2*d + 4 = -7*c, 4*c - 8 = -4*d. Suppose 5*r - 117 - 88 = c. Let x = -39 + r. What is the units digit of x?
2
Let j(l) = -53723*l - 631. What is the hundreds digit of j(-1)?
0
Suppose 0 = -44*x + 14429 + 16943. Let c = x - 382. What is the tens digit of c?
3
Let a(i) = 4361*i**2 + 33*i + 37. What is the hundreds digit of a(-1)?
3
Let r(t) = t + 66. Let c be r(-22). Let u = c - 40. What is the hundreds digit of 3 + 1 - (-201 + u)?
2
Suppose 4*l - 8 = 4*n, -3*l - 6 = n - 0*n. Suppose 2*w - 3*w = -5*j + 18, 5*w = -4*j + 26. What is the tens digit of w - 5 - 90/l?
8
What is the tens digit of (-32)/40 - 163908/(-10)?
9
Let d = 17394 - 3063. What is the thousands digit of d?
4
Suppose 0 = -4*z - z + 15. Let h(v) = -v**2 + 17 - 2*v + z*v**2 - 6*v - 5*v. What is the units digit of h(10)?
7
Suppose 4*v + 1805 = -3*m + 52798, 2*v + 2 = 0. What is the hundreds digit of m?
9
Let r = 67 - 64. Suppose -6 = r*o - 4*l - 21, 5 = o + 3*l. Suppose 0*d = -o*d + 465. What is the units digit of d?
3
Let d = 395 - 255. Suppose 320 = 5*w - 5*n, 0 = w - 4*n - 45 - 10. Suppose w + d = i. What is the tens digit of i?
0
Suppose 4*h = 5*b - 46917, -5*b = 4*h - 3743 - 43150. What is the tens digit of b?
8
Let m = -9691 - -13605. What is the tens digit of m?
1
Let v(x) be the first derivative of 2*x**3/3 + 7*x**2 + 3*x + 9. Let l be v(-7). Suppose -t = g - 31, g - 2*t = l*t + 43. What is the units digit of g?
3
Let j(p) = 2*p**3 + 3*p**2 - 30*p - 9. Let v be j(-6). Let t = v + 539. What is the tens digit of t?
8
Suppose -2352 - 16888 = -40*j. Let n = j - -19. What is the units digit of n?
0
Let f(b) = -7*b**2 - 3*b + 1. Let g be f(-1). What is the hundreds digit of (g/2)/(27/(-9846))?
5
Let x(d) = -31*d + 22 + d**2 + 12*d - 2*d**2 - 28. Let f(a) = -a**2 - 19*a - 5. Let y(l) = -4*f(l) + 5*x(l). What is the tens digit of y(-8)?
7
Let a(m) = 3054*m**2 + 3. Let q be a(1). Suppose -4066 = 2*c - 6*c - 2*j, 4*j - q = -3*c. What is the hundreds digit of c?
0
What is the units digit of (-7034)/14*(-3 - 2 - 9)?
4
Let n(y) = y**2 + 14*y - 19. Let r(g) = 4*g**3 + 4*g**2 + 4*g + 2. Let s be ((-20)/30)/((-2)/(-6)). Let a be r(s). What is the units digit of n(a)?
7
Suppose -7*n + 5*n - 2560 = -5*f, -5*n + 2048 = 4*f. Let g = f + -186. What is the units digit of g?
6
Suppose -7 = m - 4*o + 2, 4*m = 3*o - 10. Let q(z) = -z**2 - z + 36. Let x be q(7). What is the hundreds digit of ((-8)/x)/(m/(-395))?
1
Let y(r) = 151*r**2 + 12*r - 5. Let j be y(-5). Suppose 7*z + 0*z + j = 0. Let p = z + 772. What is the tens digit of p?
4
Suppose 1009*m - 1015*m = -57786. What is the thousands digit of m?
9
Let g(n) = -n**3 - 12*n**2 - 19*n + 12. Suppose -11*m - 50 = -6*m. Let l be g(m). Suppose 506 = 5*p + l*j, -6 = 4*j - j. What is the tens digit of p?
0
Let u = 528 - 521. What is the units digit of u?
7
Suppose -1223 = -5*x - 2*i, x - 734 = -2*x - i. Let j = 869 + -866. Suppose j*q + x = 8*q. What is the units digit of q?
9
Suppose -14 = -2*p - 2*c, 2*p - 3*c - 1 = 3. Let i(z) = p*z - 16 - z + 43. What is the units digit of i(5)?
7
What is the thousands digit of -4863*(112/(-21) - -5)?
1
Suppose 3*j - 124338 = -41*v + 38*v, v - j = 41454. What is the units digit of v?
0
Suppose -15*f - h = -11*f - 81252, f + 4*h - 20328 = 0. What is the thousands digit of f?
0
Let z = -51 - -53. Let r be (2 - 0)*((-20)/(-8) + z). Let g(d) = d**3 - 8*d**2 + 6*d - 14. What is the hundreds digit of g(r)?
1
Let i be ((-30)/9 - -4)/(1/18). Suppose 8*b = i*b - 3696. What is the units digit of b?
4
Suppose -35446 = -62*j + 58*j - s, j + s = 8863. What is the units digit of j?
1
Suppose -4*d + 12 + 8 = 0. Suppose -2*z = -d*v - 143, 8*v + z + 146 = 3*v. Let b = v + 44. What is the units digit of b?
5
Let f(v) = 2*v**2 - 10*v - 12. Let o be f(7). Suppose o*m = -0*m + 4496. What is the units digit of m?
1
Suppose 4*a - 91070 = 3*y - 33843, 0 = -2*a + y + 28611. What is the thousands digit of a?
4
Let o(m) be the first derivative of -m**3/3 - 38*m**2 - 200*m - 117. What is the units digit of o(-47)?
3
Let l = -43 + 47. Suppose 2*k - 7*k + t + 378 = 0, l*t + 220 = 3*k. Let h = k - 70. What is the units digit of h?
6
Let b be 0*(1/5 + (-9)/(-30)). Suppose b*u = -5*y + 4*u + 7107, -5*y - 2*u + 7119 = 0. Suppose -7*k - 366 = -y. What is the units digit of k?
1
What is the thousands digit of (0 + 4 + -1)*12515/45*6?
5
Let u(r) = 130*r - 10. Suppose 0 = -2*o + 2*m + 2, -3*m + 0 = o - 9. Let i be u(o). Suppose 22*j - 26*j = -i. What is the tens digit of j?
9
Suppose -48*o - 5*o = 583. What is the thousands digit of 6/4*(737 - o)?
1
Let b(f) = -126*f + 2726. What is the hundreds digit of b(-66)?
0
Suppose -3*t + 93 = 28*t. Suppose -294 = -3*n - t*b, 4*n - 4*b = 54 + 346. What is the units digit of n?
9
Suppose 0 = 73*o - 172509 - 278266. What is the units digit of o?
5
Let b(f) be the first derivative of 5*f**3/3 - 5*f**2/2 + 6*f + 597. Let p be (4/10)/((-2)/(-10)). What is the units digit of b(p)?
6
Let v be 14/(4 - -3) + 293. Let i = 495 - v. What is the hundreds digit of i?
2
Suppose 0 = 4*s - 2*t - 40694, -s - 7*t + 10181 = -9*t. What is the units digit of s?
1
Let u = 9631 - 2179. What is the thousands digit of u?
7
Let g = 50 + -48. Suppose 2*y + 2*m = -8, -g*y - 5*m - 8 - 6 = 0. What is the units digit of 187 + (y - 0 - 3)?
2
Suppose 221463 = 22*g - 809722 + 36873. What is the units digit of g?
6
Let y = 34534 - 10298. What is the ten thousands digit of y?
2
Suppose -1286*l = -1292*l - 9498. Let p = -683 - l. What is the tens digit of p?
0
Suppose -45 = -5*v - 5*z, -4*z = 2*v - 39 + 13. Suppose v*l - 2030 = 5*i, -5*l + 8*i = 12*i - 2075. What is the uni